{"id":12,"date":"2021-03-06T08:49:59","date_gmt":"2021-03-06T07:49:59","guid":{"rendered":"http:\/\/localhost\/wp3\/?page_id=12"},"modified":"2021-07-04T16:56:51","modified_gmt":"2021-07-04T14:56:51","slug":"kontakt","status":"publish","type":"page","link":"http:\/\/leudes.de\/logopaedie-schwalbach\/kontakt\/","title":{"rendered":"Kontakt"},"content":{"rendered":"\t\t<div data-elementor-type=\"wp-page\" data-elementor-id=\"12\" class=\"elementor elementor-12\">\n\t\t\t\t\t\t<section class=\"elementor-section elementor-top-section elementor-element elementor-element-3862ab6 elementor-section-boxed elementor-section-height-default elementor-section-height-default\" data-id=\"3862ab6\" data-element_type=\"section\">\n\t\t\t\t\t\t<div class=\"elementor-container elementor-column-gap-default\">\n\t\t\t\t\t<div class=\"elementor-column elementor-col-100 elementor-top-column elementor-element elementor-element-7d7a8d9\" data-id=\"7d7a8d9\" data-element_type=\"column\">\n\t\t\t<div class=\"elementor-widget-wrap elementor-element-populated\">\n\t\t\t\t\t\t<div class=\"elementor-element elementor-element-3041b9c elementor-widget elementor-widget-image\" data-id=\"3041b9c\" data-element_type=\"widget\" data-widget_type=\"image.default\">\n\t\t\t\t<div class=\"elementor-widget-container\">\n\t\t\t\t\t\t\t\t\t\t\t\t\t\t\t<img fetchpriority=\"high\" decoding=\"async\" width=\"800\" height=\"266\" src=\"http:\/\/leudes.de\/logopaedie-schwalbach\/wp-content\/uploads\/sites\/2\/2021\/07\/neukorr_Fahrradstaender-1024x341.jpg\" class=\"attachment-large size-large wp-image-1979\" alt=\"\" srcset=\"http:\/\/leudes.de\/logopaedie-schwalbach\/wp-content\/uploads\/sites\/2\/2021\/07\/neukorr_Fahrradstaender-1024x341.jpg 1024w, http:\/\/leudes.de\/logopaedie-schwalbach\/wp-content\/uploads\/sites\/2\/2021\/07\/neukorr_Fahrradstaender-300x100.jpg 300w, http:\/\/leudes.de\/logopaedie-schwalbach\/wp-content\/uploads\/sites\/2\/2021\/07\/neukorr_Fahrradstaender-768x256.jpg 768w, http:\/\/leudes.de\/logopaedie-schwalbach\/wp-content\/uploads\/sites\/2\/2021\/07\/neukorr_Fahrradstaender.jpg 1200w\" sizes=\"(max-width: 800px) 100vw, 800px\" \/>\t\t\t\t\t\t\t\t\t\t\t\t\t\t\t<\/div>\n\t\t\t\t<\/div>\n\t\t\t\t<div class=\"elementor-element elementor-element-97bc21b elementor-widget elementor-widget-spacer\" data-id=\"97bc21b\" data-element_type=\"widget\" data-widget_type=\"spacer.default\">\n\t\t\t\t<div class=\"elementor-widget-container\">\n\t\t\t\t\t\t\t<div class=\"elementor-spacer\">\n\t\t\t<div class=\"elementor-spacer-inner\"><\/div>\n\t\t<\/div>\n\t\t\t\t\t\t<\/div>\n\t\t\t\t<\/div>\n\t\t\t\t\t<\/div>\n\t\t<\/div>\n\t\t\t\t\t<\/div>\n\t\t<\/section>\n\t\t\t\t<section class=\"elementor-section elementor-top-section elementor-element elementor-element-9c5b6c4 elementor-section-boxed elementor-section-height-default elementor-section-height-default\" data-id=\"9c5b6c4\" data-element_type=\"section\">\n\t\t\t\t\t\t<div class=\"elementor-container elementor-column-gap-default\">\n\t\t\t\t\t<div class=\"elementor-column elementor-col-33 elementor-top-column elementor-element elementor-element-a7d0d84\" data-id=\"a7d0d84\" data-element_type=\"column\">\n\t\t\t<div class=\"elementor-widget-wrap elementor-element-populated\">\n\t\t\t\t\t\t<div class=\"elementor-element elementor-element-8b329fa elementor-widget elementor-widget-heading\" data-id=\"8b329fa\" data-element_type=\"widget\" data-widget_type=\"heading.default\">\n\t\t\t\t<div class=\"elementor-widget-container\">\n\t\t\t\t\t<h3 class=\"elementor-heading-title elementor-size-default\">Kontakt<\/h3>\t\t\t\t<\/div>\n\t\t\t\t<\/div>\n\t\t\t\t<div class=\"elementor-element elementor-element-2a264dd elementor-widget elementor-widget-text-editor\" data-id=\"2a264dd\" data-element_type=\"widget\" data-widget_type=\"text-editor.default\">\n\t\t\t\t<div class=\"elementor-widget-container\">\n\t\t\t\t\t\t\t\t\t<div id=\"apDiv22\"><p><strong><span class=\"BenguiatGothicW01-Bold18_575759\">Praxis f\u00fcr Logop\u00e4die<\/span><\/strong><br \/><span class=\"BenguiatGothicW01-Book16_575759\">Kerstin Schr\u00f6ter-Frey<br \/>Schulstra\u00dfe 17<br \/>65824 Schwalbach<\/span><\/p><p>Telefon: 06196 882460<br \/>Fax : 06196 882462<br \/>E-Mail: <a href=\"mailto:logopaedie_schwalbach@t-online.de\">logopaedie_schwalbach@t-online.de<\/a><\/p><div id=\"apDiv25\">\u00a0<\/div><\/div>\t\t\t\t\t\t\t\t<\/div>\n\t\t\t\t<\/div>\n\t\t\t\t<div class=\"elementor-element elementor-element-df2fd6f elementor-widget elementor-widget-heading\" data-id=\"df2fd6f\" data-element_type=\"widget\" data-widget_type=\"heading.default\">\n\t\t\t\t<div class=\"elementor-widget-container\">\n\t\t\t\t\t<h3 class=\"elementor-heading-title elementor-size-default\">So finden Sie uns<\/h3>\t\t\t\t<\/div>\n\t\t\t\t<\/div>\n\t\t\t\t<div class=\"elementor-element elementor-element-49736ab elementor-widget elementor-widget-text-editor\" data-id=\"49736ab\" data-element_type=\"widget\" data-widget_type=\"text-editor.default\">\n\t\t\t\t<div class=\"elementor-widget-container\">\n\t\t\t\t\t\t\t\t\t<div id=\"apDiv25\"><p><b><span class=\"BenguiatGothicW01-Book16_575759\">Bus\/Bahn<\/span><\/b><\/p><p>S3 bis Schwalbach-Limes Bus 811\/812 bis Haltestelle Niederh\u00f6chst\u00e4dter Pfad<\/p><p><b><span class=\"BenguiatGothicW01-Book16_575759\">Auto<\/span><\/b><\/p><p>Am Brater oder in der Schulstra\u00dfe <span class=\"BenguiatGothicW01-Book16_575759\">finden Sie ausreichend \u00f6ffentliche Parkfl\u00e4chen.<br \/>F\u00fcr gehbehinderte Patienten steht ein Parkplatz direkt vor unserer Praxis zur Verf\u00fcgung.<\/span><\/p><p><strong>Barrierefrei<\/strong><\/p><p>Sie gelangen ganz bequem ohne Stufen in unsere Praxis.<\/p><\/div>\t\t\t\t\t\t\t\t<\/div>\n\t\t\t\t<\/div>\n\t\t\t\t\t<\/div>\n\t\t<\/div>\n\t\t\t\t<div class=\"elementor-column elementor-col-66 elementor-top-column elementor-element elementor-element-eba2fbb\" data-id=\"eba2fbb\" data-element_type=\"column\">\n\t\t\t<div class=\"elementor-widget-wrap elementor-element-populated\">\n\t\t\t\t\t\t<div class=\"elementor-element elementor-element-8f83629 elementor-widget elementor-widget-image\" data-id=\"8f83629\" data-element_type=\"widget\" data-widget_type=\"image.default\">\n\t\t\t\t<div class=\"elementor-widget-container\">\n\t\t\t\t\t\t\t\t\t\t\t\t\t\t\t<img decoding=\"async\" width=\"800\" height=\"800\" src=\"http:\/\/leudes.de\/logopaedie-schwalbach\/wp-content\/uploads\/sites\/2\/2021\/04\/Lageplan-mit-Strassennamen-1024x1024.png\" class=\"attachment-large size-large wp-image-270\" alt=\"\" srcset=\"http:\/\/leudes.de\/logopaedie-schwalbach\/wp-content\/uploads\/sites\/2\/2021\/04\/Lageplan-mit-Strassennamen-1024x1024.png 1024w, http:\/\/leudes.de\/logopaedie-schwalbach\/wp-content\/uploads\/sites\/2\/2021\/04\/Lageplan-mit-Strassennamen-300x300.png 300w, http:\/\/leudes.de\/logopaedie-schwalbach\/wp-content\/uploads\/sites\/2\/2021\/04\/Lageplan-mit-Strassennamen-150x150.png 150w, http:\/\/leudes.de\/logopaedie-schwalbach\/wp-content\/uploads\/sites\/2\/2021\/04\/Lageplan-mit-Strassennamen-768x768.png 768w, http:\/\/leudes.de\/logopaedie-schwalbach\/wp-content\/uploads\/sites\/2\/2021\/04\/Lageplan-mit-Strassennamen-1536x1536.png 1536w, http:\/\/leudes.de\/logopaedie-schwalbach\/wp-content\/uploads\/sites\/2\/2021\/04\/Lageplan-mit-Strassennamen-2048x2048.png 2048w\" sizes=\"(max-width: 800px) 100vw, 800px\" \/>\t\t\t\t\t\t\t\t\t\t\t\t\t\t\t<\/div>\n\t\t\t\t<\/div>\n\t\t\t\t<div class=\"elementor-element elementor-element-1378667 elementor-widget elementor-widget-image\" data-id=\"1378667\" data-element_type=\"widget\" data-widget_type=\"image.default\">\n\t\t\t\t<div class=\"elementor-widget-container\">\n\t\t\t\t\t\t\t\t\t\t\t\t\t\t\t<img decoding=\"async\" src=\"http:\/\/localhost\/wp3\/wp-content\/uploads\/2021\/03\/Lageplan-mit-Strassennamen.png\" title=\"\" alt=\"\" loading=\"lazy\" \/>\t\t\t\t\t\t\t\t\t\t\t\t\t\t\t<\/div>\n\t\t\t\t<\/div>\n\t\t\t\t\t<\/div>\n\t\t<\/div>\n\t\t\t\t\t<\/div>\n\t\t<\/section>\n\t\t\t\t<\/div>\n\t\t","protected":false},"excerpt":{"rendered":"<p>Kontakt Praxis f\u00fcr Logop\u00e4dieKerstin Schr\u00f6ter-FreySchulstra\u00dfe 1765824 Schwalbach Telefon: 06196 882460Fax : 06196 882462E-Mail: logopaedie_schwalbach@t-online.de \u00a0 So finden Sie uns Bus\/Bahn S3 bis Schwalbach-Limes Bus 811\/812 bis Haltestelle Niederh\u00f6chst\u00e4dter Pfad Auto Am Brater oder in der Schulstra\u00dfe finden Sie ausreichend \u00f6ffentliche Parkfl\u00e4chen.F\u00fcr gehbehinderte Patienten steht ein Parkplatz direkt vor unserer Praxis zur Verf\u00fcgung. Barrierefrei Sie gelangen [&hellip;]<\/p>\n","protected":false},"author":1,"featured_media":0,"parent":0,"menu_order":0,"comment_status":"closed","ping_status":"closed","template":"elementor_header_footer","meta":{"footnotes":""},"class_list":["post-12","page","type-page","status-publish","hentry"],"_links":{"self":[{"href":"http:\/\/leudes.de\/logopaedie-schwalbach\/wp-json\/wp\/v2\/pages\/12","targetHints":{"allow":["GET"]}}],"collection":[{"href":"http:\/\/leudes.de\/logopaedie-schwalbach\/wp-json\/wp\/v2\/pages"}],"about":[{"href":"http:\/\/leudes.de\/logopaedie-schwalbach\/wp-json\/wp\/v2\/types\/page"}],"author":[{"embeddable":true,"href":"http:\/\/leudes.de\/logopaedie-schwalbach\/wp-json\/wp\/v2\/users\/1"}],"replies":[{"embeddable":true,"href":"http:\/\/leudes.de\/logopaedie-schwalbach\/wp-json\/wp\/v2\/comments?post=12"}],"version-history":[{"count":48,"href":"http:\/\/leudes.de\/logopaedie-schwalbach\/wp-json\/wp\/v2\/pages\/12\/revisions"}],"predecessor-version":[{"id":1982,"href":"http:\/\/leudes.de\/logopaedie-schwalbach\/wp-json\/wp\/v2\/pages\/12\/revisions\/1982"}],"wp:attachment":[{"href":"http:\/\/leudes.de\/logopaedie-schwalbach\/wp-json\/wp\/v2\/media?parent=12"}],"curies":[{"name":"wp","href":"https:\/\/api.w.org\/{rel}","templated":true}]}}