{"id":16,"date":"2021-03-06T08:51:00","date_gmt":"2021-03-06T07:51:00","guid":{"rendered":"http:\/\/localhost\/wp3\/?page_id=16"},"modified":"2021-06-22T20:20:56","modified_gmt":"2021-06-22T18:20:56","slug":"weiterfuehrende-informationen","status":"publish","type":"page","link":"http:\/\/leudes.de\/logopaedie-schwalbach\/weiterfuehrende-informationen\/","title":{"rendered":"Weitere Infos"},"content":{"rendered":"\t\t<div data-elementor-type=\"wp-page\" data-elementor-id=\"16\" class=\"elementor elementor-16\">\n\t\t\t\t\t\t<section class=\"elementor-section elementor-top-section elementor-element elementor-element-6bf5849 elementor-section-boxed elementor-section-height-default elementor-section-height-default\" data-id=\"6bf5849\" data-element_type=\"section\">\n\t\t\t\t\t\t<div class=\"elementor-container elementor-column-gap-default\">\n\t\t\t\t\t<div class=\"elementor-column elementor-col-100 elementor-top-column elementor-element elementor-element-34af881\" data-id=\"34af881\" data-element_type=\"column\">\n\t\t\t<div class=\"elementor-widget-wrap elementor-element-populated\">\n\t\t\t\t\t\t<div class=\"elementor-element elementor-element-61aabf6 elementor-widget elementor-widget-image\" data-id=\"61aabf6\" data-element_type=\"widget\" data-widget_type=\"image.default\">\n\t\t\t\t<div class=\"elementor-widget-container\">\n\t\t\t\t\t\t\t\t\t\t\t\t\t\t\t<img fetchpriority=\"high\" decoding=\"async\" width=\"800\" height=\"266\" src=\"http:\/\/leudes.de\/logopaedie-schwalbach\/wp-content\/uploads\/sites\/2\/2021\/05\/neu_Therapiematerial-1024x341.jpg\" class=\"attachment-large size-large wp-image-1460\" alt=\"\" srcset=\"http:\/\/leudes.de\/logopaedie-schwalbach\/wp-content\/uploads\/sites\/2\/2021\/05\/neu_Therapiematerial-1024x341.jpg 1024w, http:\/\/leudes.de\/logopaedie-schwalbach\/wp-content\/uploads\/sites\/2\/2021\/05\/neu_Therapiematerial-300x100.jpg 300w, http:\/\/leudes.de\/logopaedie-schwalbach\/wp-content\/uploads\/sites\/2\/2021\/05\/neu_Therapiematerial-768x256.jpg 768w, http:\/\/leudes.de\/logopaedie-schwalbach\/wp-content\/uploads\/sites\/2\/2021\/05\/neu_Therapiematerial.jpg 1200w\" sizes=\"(max-width: 800px) 100vw, 800px\" \/>\t\t\t\t\t\t\t\t\t\t\t\t\t\t\t<\/div>\n\t\t\t\t<\/div>\n\t\t\t\t<div class=\"elementor-element elementor-element-f1619d9 elementor-widget elementor-widget-spacer\" data-id=\"f1619d9\" data-element_type=\"widget\" data-widget_type=\"spacer.default\">\n\t\t\t\t<div class=\"elementor-widget-container\">\n\t\t\t\t\t\t\t<div class=\"elementor-spacer\">\n\t\t\t<div class=\"elementor-spacer-inner\"><\/div>\n\t\t<\/div>\n\t\t\t\t\t\t<\/div>\n\t\t\t\t<\/div>\n\t\t\t\t\t<\/div>\n\t\t<\/div>\n\t\t\t\t\t<\/div>\n\t\t<\/section>\n\t\t\t\t<section class=\"elementor-section elementor-top-section elementor-element elementor-element-60485b1 elementor-section-boxed elementor-section-height-default elementor-section-height-default\" data-id=\"60485b1\" data-element_type=\"section\">\n\t\t\t\t\t\t<div class=\"elementor-container elementor-column-gap-default\">\n\t\t\t\t\t<div class=\"elementor-column elementor-col-100 elementor-top-column elementor-element elementor-element-9208262\" data-id=\"9208262\" data-element_type=\"column\">\n\t\t\t<div class=\"elementor-widget-wrap elementor-element-populated\">\n\t\t\t\t\t\t<div class=\"elementor-element elementor-element-7fe11b1 elementor-widget elementor-widget-heading\" data-id=\"7fe11b1\" data-element_type=\"widget\" data-widget_type=\"heading.default\">\n\t\t\t\t<div class=\"elementor-widget-container\">\n\t\t\t\t\t<h3 class=\"elementor-heading-title elementor-size-default\">Weiterf\u00fchrende Informationen<\/h3>\t\t\t\t<\/div>\n\t\t\t\t<\/div>\n\t\t\t\t\t<\/div>\n\t\t<\/div>\n\t\t\t\t\t<\/div>\n\t\t<\/section>\n\t\t\t\t<section class=\"elementor-section elementor-top-section elementor-element elementor-element-6e49c4f elementor-section-boxed elementor-section-height-default elementor-section-height-default\" data-id=\"6e49c4f\" data-element_type=\"section\">\n\t\t\t\t\t\t<div class=\"elementor-container elementor-column-gap-default\">\n\t\t\t\t\t<div class=\"elementor-column elementor-col-100 elementor-top-column elementor-element elementor-element-c2e8890\" data-id=\"c2e8890\" data-element_type=\"column\">\n\t\t\t<div class=\"elementor-widget-wrap elementor-element-populated\">\n\t\t\t\t\t\t<div class=\"elementor-element elementor-element-1003ada elementor-widget elementor-widget-spacer\" data-id=\"1003ada\" data-element_type=\"widget\" data-widget_type=\"spacer.default\">\n\t\t\t\t<div class=\"elementor-widget-container\">\n\t\t\t\t\t\t\t<div class=\"elementor-spacer\">\n\t\t\t<div class=\"elementor-spacer-inner\"><\/div>\n\t\t<\/div>\n\t\t\t\t\t\t<\/div>\n\t\t\t\t<\/div>\n\t\t\t\t\t<\/div>\n\t\t<\/div>\n\t\t\t\t\t<\/div>\n\t\t<\/section>\n\t\t\t\t<section class=\"elementor-section elementor-top-section elementor-element elementor-element-2eb78b8 elementor-section-boxed elementor-section-height-default elementor-section-height-default\" data-id=\"2eb78b8\" data-element_type=\"section\">\n\t\t\t\t\t\t<div class=\"elementor-container elementor-column-gap-default\">\n\t\t\t\t\t<div class=\"elementor-column elementor-col-100 elementor-top-column elementor-element elementor-element-4cb237c\" data-id=\"4cb237c\" data-element_type=\"column\">\n\t\t\t<div class=\"elementor-widget-wrap elementor-element-populated\">\n\t\t\t\t\t\t<div class=\"elementor-element elementor-element-dfbac69 elementor-widget elementor-widget-text-editor\" data-id=\"dfbac69\" data-element_type=\"widget\" data-widget_type=\"text-editor.default\">\n\t\t\t\t<div class=\"elementor-widget-container\">\n\t\t\t\t\t\t\t\t\t<div id=\"apDiv22\">\n<table border=\"1\" width=\"500px\" cellpadding=\"3\">\n<tbody>\n<tr>\n<td class=\"BenguiatGothicW01-Bold20_007dc0\" colspan=\"2\">Links:<\/td>\n<\/tr>\n<tr>\n<td class=\"BenguiatGothicW01-Bold18_575759\" colspan=\"2\">Dachverb\u00e4nde und Gesellschaften:<\/td>\n<\/tr>\n<tr>\n<td class=\"BenguiatGothicW01-Book16_575759\" width=\"250\">Deutscher Bundesverband f\u00fcr Logop\u00e4die dbl e.V.<\/td>\n<td valign=\"top\" width=\"250\"><a class=\"BenguiatGothicW01-Book16_007dc0\" href=\"http:\/\/www.dbl-ev.de\" target=\"_blank\" rel=\"noopener\">www.dbl-ev.de<\/a><\/td>\n<\/tr>\n<tr>\n<td class=\"BenguiatGothicW01-Book16_575759\" width=\"250\">Deutsche Gesellschaft f\u00fcr Neurologie<\/td>\n<td valign=\"top\" width=\"250\"><a class=\"BenguiatGothicW01-Book16_007dc0\" href=\"http:\/\/www.dgn.org\" target=\"_blank\" rel=\"noopener\">www.dgn.org<\/a><\/td>\n<\/tr>\n<tr>\n<td class=\"BenguiatGothicW01-Book16_575759\" width=\"250\">Gesellschaft f\u00fcr Aphasieforschung und -behandlung GAB<\/td>\n<td valign=\"top\" width=\"250\"><a class=\"BenguiatGothicW01-Book16_007dc0\" href=\"http:\/\/www.aphasiegesellschaft.de\" target=\"_blank\" rel=\"noopener\">www.aphasiegesellschaft.de<\/a><\/td>\n<\/tr>\n<tr>\n<td class=\"BenguiatGothicW01-Book16_575759\" width=\"250\">LSVT<sup>\u00ae<\/sup> Global-Rehabilitationstherapie f\u00fcr Menschen mit Parkinson<\/td>\n<td valign=\"top\" width=\"250\"><a class=\"BenguiatGothicW01-Book16_007dc0\" href=\"http:\/\/www.lsvtglobal.com\" target=\"_blank\" rel=\"noopener\">www.lsvtglobal.com<\/a><\/td>\n<\/tr>\n<tr>\n<td class=\"BenguiatGothicW01-Book16_575759\" valign=\"top\" width=\"250\">Castillo Morales<sup>\u00ae<\/sup>-Vereinigung e.V.<\/td>\n<td valign=\"top\" width=\"250\"><a class=\"BenguiatGothicW01-Book16_007dc0\" href=\"http:\/\/www.castillomoralesvereinigung.de\" target=\"_blank\" rel=\"noopener\">www.castillomoralesvereinigung.de<\/a><\/td>\n<\/tr>\n<\/tbody>\n<\/table>\n<\/div>\n<div id=\"apDiv23\">\n<div align=\"center\"><\/div>\n<\/div>\n<div id=\"apDiv18\">\n<table border=\"1\" width=\"500px\" cellpadding=\"3\">\n<tbody>\n<tr>\n<td class=\"BenguiatGothicW01-Bold18_575759\" colspan=\"2\">Selbsthilfeverb\u00e4nde:<\/td>\n<\/tr>\n<tr>\n<td class=\"BenguiatGothicW01-Book16_575759\" width=\"250\">Arbeitskreis Down-Syndrom e.V.<\/td>\n<td width=\"250\"><a class=\"BenguiatGothicW01-Book16_007dc0\" href=\"http:\/\/www.down-syndrom.org\" target=\"_blank\" rel=\"noopener\">www.down-syndrom.org<\/a><\/td>\n<\/tr>\n<tr>\n<td class=\"BenguiatGothicW01-Book16_575759\" width=\"250\">Bundesverband f\u00fcr Menschen mit geistiger Behinderung<\/td>\n<td valign=\"top\" width=\"250\"><a class=\"BenguiatGothicW01-Book16_007dc0\" href=\"http:\/\/www.lebenshilfe.de\" target=\"_blank\" rel=\"noopener\">www.lebenshilfe.de <\/a><\/td>\n<\/tr>\n<tr>\n<td class=\"BenguiatGothicW01-Book16_575759\" width=\"250\">Bundesverband f\u00fcr die Rehabilitation der Aphasiker<\/td>\n<td valign=\"top\" width=\"250\"><a class=\"BenguiatGothicW01-Book16_007dc0\" href=\"http:\/\/www.aphasiker.de\" target=\"_blank\" rel=\"noopener\">www.aphasiker.de<\/a><\/td>\n<\/tr>\n<tr>\n<td class=\"BenguiatGothicW01-Book16_575759\" width=\"250\">Bundesverband Legasthenie e.V.<\/td>\n<td width=\"250\"><a class=\"BenguiatGothicW01-Book16_007dc0\" href=\"http:\/\/www.legasthenie.net\" target=\"_blank\" rel=\"noopener\">www.legasthenie.net<\/a><\/td>\n<\/tr>\n<tr>\n<td class=\"BenguiatGothicW01-Book16_575759\" width=\"250\">Bundesvereinigung Stotterer Selbsthilfe e.V.<\/td>\n<td valign=\"top\" width=\"250\"><a class=\"BenguiatGothicW01-Book16_007dc0\" href=\"http:\/\/www.bvss.de\" target=\"_blank\" rel=\"noopener\">www.bvss.de<\/a><\/td>\n<\/tr>\n<tr>\n<td class=\"BenguiatGothicW01-Book16_575759\" width=\"250\">DMSG Deutsche Multiple Sklerose Gesellschaft e.V.<\/td>\n<td valign=\"top\" width=\"250\"><a class=\"BenguiatGothicW01-Book16_007dc0\" href=\"http:\/\/www.dmsg.de\" target=\"_blank\" rel=\"noopener\">www.dmsg.de<\/a><\/td>\n<\/tr>\n<tr>\n<td class=\"BenguiatGothicW01-Book16_575759\" width=\"250\">Mutismus Selbsthilfe Deutschland e.V.<\/td>\n<td valign=\"top\" width=\"250\"><a class=\"BenguiatGothicW01-Book16_007dc0\" href=\"http:\/\/www.mutismus.de\" target=\"_blank\" rel=\"noopener\">www.mutismus.de<\/a><\/td>\n<\/tr>\n<tr>\n<td class=\"BenguiatGothicW01-Book16_575759\" width=\"250\">Verband f\u00fcr nichtsprechende Menschen<\/td>\n<td valign=\"top\" width=\"250\"><a class=\"BenguiatGothicW01-Book16_007dc0\" href=\"http:\/\/www.isaac-online.de\" target=\"_blank\" rel=\"noopener\">www.isaac-online.de<\/a><\/td>\n<\/tr>\n<\/tbody>\n<\/table>\n<\/div>\t\t\t\t\t\t\t\t<\/div>\n\t\t\t\t<\/div>\n\t\t\t\t\t<\/div>\n\t\t<\/div>\n\t\t\t\t\t<\/div>\n\t\t<\/section>\n\t\t\t\t<\/div>\n\t\t","protected":false},"excerpt":{"rendered":"<p>Weiterf\u00fchrende Informationen Links: Dachverb\u00e4nde und Gesellschaften: Deutscher Bundesverband f\u00fcr Logop\u00e4die dbl e.V. www.dbl-ev.de Deutsche Gesellschaft f\u00fcr Neurologie www.dgn.org Gesellschaft f\u00fcr Aphasieforschung und -behandlung GAB www.aphasiegesellschaft.de LSVT\u00ae Global-Rehabilitationstherapie f\u00fcr Menschen mit Parkinson www.lsvtglobal.com Castillo Morales\u00ae-Vereinigung e.V. www.castillomoralesvereinigung.de Selbsthilfeverb\u00e4nde: Arbeitskreis Down-Syndrom e.V. www.down-syndrom.org Bundesverband f\u00fcr Menschen mit geistiger Behinderung www.lebenshilfe.de Bundesverband f\u00fcr die Rehabilitation der Aphasiker www.aphasiker.de [&hellip;]<\/p>\n","protected":false},"author":1,"featured_media":0,"parent":0,"menu_order":0,"comment_status":"closed","ping_status":"closed","template":"elementor_header_footer","meta":{"footnotes":""},"class_list":["post-16","page","type-page","status-publish","hentry"],"_links":{"self":[{"href":"http:\/\/leudes.de\/logopaedie-schwalbach\/wp-json\/wp\/v2\/pages\/16","targetHints":{"allow":["GET"]}}],"collection":[{"href":"http:\/\/leudes.de\/logopaedie-schwalbach\/wp-json\/wp\/v2\/pages"}],"about":[{"href":"http:\/\/leudes.de\/logopaedie-schwalbach\/wp-json\/wp\/v2\/types\/page"}],"author":[{"embeddable":true,"href":"http:\/\/leudes.de\/logopaedie-schwalbach\/wp-json\/wp\/v2\/users\/1"}],"replies":[{"embeddable":true,"href":"http:\/\/leudes.de\/logopaedie-schwalbach\/wp-json\/wp\/v2\/comments?post=16"}],"version-history":[{"count":42,"href":"http:\/\/leudes.de\/logopaedie-schwalbach\/wp-json\/wp\/v2\/pages\/16\/revisions"}],"predecessor-version":[{"id":1973,"href":"http:\/\/leudes.de\/logopaedie-schwalbach\/wp-json\/wp\/v2\/pages\/16\/revisions\/1973"}],"wp:attachment":[{"href":"http:\/\/leudes.de\/logopaedie-schwalbach\/wp-json\/wp\/v2\/media?parent=16"}],"curies":[{"name":"wp","href":"https:\/\/api.w.org\/{rel}","templated":true}]}}