{"id":6,"date":"2021-03-05T18:47:13","date_gmt":"2021-03-05T17:47:13","guid":{"rendered":"http:\/\/localhost\/wp3\/?page_id=6"},"modified":"2021-07-04T17:18:49","modified_gmt":"2021-07-04T15:18:49","slug":"home","status":"publish","type":"page","link":"http:\/\/leudes.de\/logopaedie-schwalbach\/","title":{"rendered":"Home"},"content":{"rendered":"\t\t<div data-elementor-type=\"wp-page\" data-elementor-id=\"6\" class=\"elementor elementor-6\">\n\t\t\t\t\t\t<section class=\"elementor-section elementor-top-section elementor-element elementor-element-06f5edf elementor-hidden-desktop elementor-hidden-tablet elementor-section-boxed elementor-section-height-default elementor-section-height-default\" data-id=\"06f5edf\" data-element_type=\"section\">\n\t\t\t\t\t\t<div class=\"elementor-container elementor-column-gap-default\">\n\t\t\t\t\t<div class=\"elementor-column elementor-col-100 elementor-top-column elementor-element elementor-element-7a73aa2\" data-id=\"7a73aa2\" data-element_type=\"column\">\n\t\t\t<div class=\"elementor-widget-wrap elementor-element-populated\">\n\t\t\t\t\t\t<div class=\"elementor-element elementor-element-781b6bf elementor-widget elementor-widget-image\" data-id=\"781b6bf\" data-element_type=\"widget\" data-widget_type=\"image.default\">\n\t\t\t\t<div class=\"elementor-widget-container\">\n\t\t\t\t\t\t\t\t\t\t\t\t\t\t\t<img fetchpriority=\"high\" decoding=\"async\" width=\"800\" height=\"305\" src=\"http:\/\/leudes.de\/logopaedie-schwalbach\/wp-content\/uploads\/sites\/2\/2021\/05\/x_Praxiseingang-1024x391.jpg\" class=\"attachment-large size-large wp-image-1281\" alt=\"\" srcset=\"http:\/\/leudes.de\/logopaedie-schwalbach\/wp-content\/uploads\/sites\/2\/2021\/05\/x_Praxiseingang-1024x391.jpg 1024w, http:\/\/leudes.de\/logopaedie-schwalbach\/wp-content\/uploads\/sites\/2\/2021\/05\/x_Praxiseingang-300x115.jpg 300w, http:\/\/leudes.de\/logopaedie-schwalbach\/wp-content\/uploads\/sites\/2\/2021\/05\/x_Praxiseingang-768x293.jpg 768w, http:\/\/leudes.de\/logopaedie-schwalbach\/wp-content\/uploads\/sites\/2\/2021\/05\/x_Praxiseingang.jpg 1134w\" sizes=\"(max-width: 800px) 100vw, 800px\" \/>\t\t\t\t\t\t\t\t\t\t\t\t\t\t\t<\/div>\n\t\t\t\t<\/div>\n\t\t\t\t\t<\/div>\n\t\t<\/div>\n\t\t\t\t\t<\/div>\n\t\t<\/section>\n\t\t\t\t<section class=\"elementor-section elementor-top-section elementor-element elementor-element-c95c19c elementor-hidden-phone elementor-section-boxed elementor-section-height-default elementor-section-height-default\" data-id=\"c95c19c\" data-element_type=\"section\">\n\t\t\t\t\t\t<div class=\"elementor-container elementor-column-gap-default\">\n\t\t\t\t\t<div class=\"elementor-column elementor-col-100 elementor-top-column elementor-element elementor-element-ba680a9\" data-id=\"ba680a9\" data-element_type=\"column\">\n\t\t\t<div class=\"elementor-widget-wrap elementor-element-populated\">\n\t\t\t\t\t\t<div class=\"elementor-element elementor-element-8758a58 elementor-widget elementor-widget-image\" data-id=\"8758a58\" data-element_type=\"widget\" data-widget_type=\"image.default\">\n\t\t\t\t<div class=\"elementor-widget-container\">\n\t\t\t\t\t\t\t\t\t\t\t\t\t\t\t<img decoding=\"async\" width=\"1200\" height=\"400\" src=\"http:\/\/leudes.de\/logopaedie-schwalbach\/wp-content\/uploads\/sites\/2\/2021\/07\/neukorr_Praxiseingang.jpg\" class=\"attachment-full size-full wp-image-1991\" alt=\"\" srcset=\"http:\/\/leudes.de\/logopaedie-schwalbach\/wp-content\/uploads\/sites\/2\/2021\/07\/neukorr_Praxiseingang.jpg 1200w, http:\/\/leudes.de\/logopaedie-schwalbach\/wp-content\/uploads\/sites\/2\/2021\/07\/neukorr_Praxiseingang-300x100.jpg 300w, http:\/\/leudes.de\/logopaedie-schwalbach\/wp-content\/uploads\/sites\/2\/2021\/07\/neukorr_Praxiseingang-1024x341.jpg 1024w, http:\/\/leudes.de\/logopaedie-schwalbach\/wp-content\/uploads\/sites\/2\/2021\/07\/neukorr_Praxiseingang-768x256.jpg 768w\" sizes=\"(max-width: 1200px) 100vw, 1200px\" \/>\t\t\t\t\t\t\t\t\t\t\t\t\t\t\t<\/div>\n\t\t\t\t<\/div>\n\t\t\t\t\t<\/div>\n\t\t<\/div>\n\t\t\t\t\t<\/div>\n\t\t<\/section>\n\t\t\t\t<section class=\"elementor-section elementor-top-section elementor-element elementor-element-673347d elementor-section-boxed elementor-section-height-default elementor-section-height-default\" data-id=\"673347d\" data-element_type=\"section\">\n\t\t\t\t\t\t<div class=\"elementor-container elementor-column-gap-default\">\n\t\t\t\t\t<div class=\"elementor-column elementor-col-100 elementor-top-column elementor-element elementor-element-8248428\" data-id=\"8248428\" data-element_type=\"column\">\n\t\t\t<div class=\"elementor-widget-wrap elementor-element-populated\">\n\t\t\t\t\t\t<div class=\"elementor-element elementor-element-2706c0d elementor-widget elementor-widget-spacer\" data-id=\"2706c0d\" data-element_type=\"widget\" data-widget_type=\"spacer.default\">\n\t\t\t\t<div class=\"elementor-widget-container\">\n\t\t\t\t\t\t\t<div class=\"elementor-spacer\">\n\t\t\t<div class=\"elementor-spacer-inner\"><\/div>\n\t\t<\/div>\n\t\t\t\t\t\t<\/div>\n\t\t\t\t<\/div>\n\t\t\t\t\t<\/div>\n\t\t<\/div>\n\t\t\t\t\t<\/div>\n\t\t<\/section>\n\t\t\t\t<section class=\"elementor-section elementor-top-section elementor-element elementor-element-e0e56f1 elementor-section-boxed elementor-section-height-default elementor-section-height-default\" data-id=\"e0e56f1\" data-element_type=\"section\">\n\t\t\t\t\t\t<div class=\"elementor-container elementor-column-gap-default\">\n\t\t\t\t\t<div class=\"elementor-column elementor-col-50 elementor-top-column elementor-element elementor-element-d87671e\" data-id=\"d87671e\" data-element_type=\"column\">\n\t\t\t<div class=\"elementor-widget-wrap elementor-element-populated\">\n\t\t\t\t\t\t<div class=\"elementor-element elementor-element-16ec24d elementor-widget elementor-widget-heading\" data-id=\"16ec24d\" data-element_type=\"widget\" data-widget_type=\"heading.default\">\n\t\t\t\t<div class=\"elementor-widget-container\">\n\t\t\t\t\t<h4 class=\"elementor-heading-title elementor-size-default\">Herzlich Willkommen<\/h4>\t\t\t\t<\/div>\n\t\t\t\t<\/div>\n\t\t\t\t<div class=\"elementor-element elementor-element-0d621da elementor-widget elementor-widget-text-editor\" data-id=\"0d621da\" data-element_type=\"widget\" data-widget_type=\"text-editor.default\">\n\t\t\t\t<div class=\"elementor-widget-container\">\n\t\t\t\t\t\t\t\t\t<p>in unserer Praxis f\u00fcr Logop\u00e4die in Schwalbach.<\/p><p>Wir behandeln Patienten mit Stimm-, Sprech-, Sprach- und Schluckst\u00f6rungen.<\/p><p>Die logop\u00e4dische Therapie findet in unserer Praxis statt (barrierefreier Zugang). Bei entsprechender Verordnung wird sie auch zuhause oder in p\u00e4dagogischen und pflegerischen Einrichtungen durchgef\u00fchrt.<\/p><p>Termine sind von Montag bis Freitag von 8 &#8211; 18 Uhr und nach Vereinbarung m\u00f6glich. <\/p><p>Bei Fragen und zur Terminvereinbarung erreichen Sie uns telefonisch oder per E-Mail.<\/p>\t\t\t\t\t\t\t\t<\/div>\n\t\t\t\t<\/div>\n\t\t\t\t<div class=\"elementor-element elementor-element-a5242bd elementor-widget elementor-widget-spacer\" data-id=\"a5242bd\" data-element_type=\"widget\" data-widget_type=\"spacer.default\">\n\t\t\t\t<div class=\"elementor-widget-container\">\n\t\t\t\t\t\t\t<div class=\"elementor-spacer\">\n\t\t\t<div class=\"elementor-spacer-inner\"><\/div>\n\t\t<\/div>\n\t\t\t\t\t\t<\/div>\n\t\t\t\t<\/div>\n\t\t\t\t<div class=\"elementor-element elementor-element-52c73a7 elementor-widget elementor-widget-text-editor\" data-id=\"52c73a7\" data-element_type=\"widget\" data-widget_type=\"text-editor.default\">\n\t\t\t\t<div class=\"elementor-widget-container\">\n\t\t\t\t\t\t\t\t\t<p>Wir sind Mitglied im Bundesverband f\u00fcr Logop\u00e4die-dbl (<a href=\"http:\/\/www.dbl-ev.de\">www.dbl-ev.de<\/a>) und in der Castillo-Morales-Vereinigung (<a href=\"http:\/\/www.castillomoralesvereinigung.de\">www.castillomoralesvereinigung.de<\/a>)<\/p>\t\t\t\t\t\t\t\t<\/div>\n\t\t\t\t<\/div>\n\t\t\t\t<section class=\"elementor-section elementor-inner-section elementor-element elementor-element-fe62981 elementor-section-boxed elementor-section-height-default elementor-section-height-default\" data-id=\"fe62981\" data-element_type=\"section\">\n\t\t\t\t\t\t<div class=\"elementor-container elementor-column-gap-default\">\n\t\t\t\t\t<div class=\"elementor-column elementor-col-50 elementor-inner-column elementor-element elementor-element-e3626d2\" data-id=\"e3626d2\" data-element_type=\"column\">\n\t\t\t<div class=\"elementor-widget-wrap elementor-element-populated\">\n\t\t\t\t\t\t<div class=\"elementor-element elementor-element-8a7b44c elementor-widget elementor-widget-image\" data-id=\"8a7b44c\" data-element_type=\"widget\" data-widget_type=\"image.default\">\n\t\t\t\t<div class=\"elementor-widget-container\">\n\t\t\t\t\t\t\t\t\t\t\t\t\t\t\t<img decoding=\"async\" width=\"600\" height=\"124\" src=\"http:\/\/leudes.de\/logopaedie-schwalbach\/wp-content\/uploads\/sites\/2\/2021\/05\/logo_dbl.gif\" class=\"attachment-full size-full wp-image-840\" alt=\"\" \/>\t\t\t\t\t\t\t\t\t\t\t\t\t\t\t<\/div>\n\t\t\t\t<\/div>\n\t\t\t\t\t<\/div>\n\t\t<\/div>\n\t\t\t\t<div class=\"elementor-column elementor-col-50 elementor-inner-column elementor-element elementor-element-cbfcd69\" data-id=\"cbfcd69\" data-element_type=\"column\">\n\t\t\t<div class=\"elementor-widget-wrap elementor-element-populated\">\n\t\t\t\t\t\t<div class=\"elementor-element elementor-element-11f2e96 elementor-widget elementor-widget-image\" data-id=\"11f2e96\" data-element_type=\"widget\" data-widget_type=\"image.default\">\n\t\t\t\t<div class=\"elementor-widget-container\">\n\t\t\t\t\t\t\t\t\t\t\t\t\t\t\t<img loading=\"lazy\" decoding=\"async\" width=\"354\" height=\"236\" src=\"http:\/\/leudes.de\/logopaedie-schwalbach\/wp-content\/uploads\/sites\/2\/2021\/05\/cmv_logo_354x236.jpg\" class=\"attachment-large size-large wp-image-969\" alt=\"\" srcset=\"http:\/\/leudes.de\/logopaedie-schwalbach\/wp-content\/uploads\/sites\/2\/2021\/05\/cmv_logo_354x236.jpg 354w, http:\/\/leudes.de\/logopaedie-schwalbach\/wp-content\/uploads\/sites\/2\/2021\/05\/cmv_logo_354x236-300x200.jpg 300w\" sizes=\"(max-width: 354px) 100vw, 354px\" \/>\t\t\t\t\t\t\t\t\t\t\t\t\t\t\t<\/div>\n\t\t\t\t<\/div>\n\t\t\t\t\t<\/div>\n\t\t<\/div>\n\t\t\t\t\t<\/div>\n\t\t<\/section>\n\t\t\t\t\t<\/div>\n\t\t<\/div>\n\t\t\t\t<div class=\"elementor-column elementor-col-50 elementor-top-column elementor-element elementor-element-452c2eb\" data-id=\"452c2eb\" data-element_type=\"column\">\n\t\t\t<div class=\"elementor-widget-wrap elementor-element-populated\">\n\t\t\t\t\t\t<section class=\"elementor-section elementor-inner-section elementor-element elementor-element-1b14fa4 elementor-section-boxed elementor-section-height-default elementor-section-height-default\" data-id=\"1b14fa4\" data-element_type=\"section\">\n\t\t\t\t\t\t<div class=\"elementor-container elementor-column-gap-default\">\n\t\t\t\t\t<div class=\"elementor-column elementor-col-100 elementor-inner-column elementor-element elementor-element-0f9623b\" data-id=\"0f9623b\" data-element_type=\"column\" data-settings=\"{&quot;background_background&quot;:&quot;classic&quot;}\">\n\t\t\t<div class=\"elementor-widget-wrap elementor-element-populated\">\n\t\t\t\t\t\t<div class=\"elementor-element elementor-element-3e045d5 elementor-widget elementor-widget-heading\" data-id=\"3e045d5\" data-element_type=\"widget\" data-widget_type=\"heading.default\">\n\t\t\t\t<div class=\"elementor-widget-container\">\n\t\t\t\t\t<h4 class=\"elementor-heading-title elementor-size-default\">Aktuelles<\/h4>\t\t\t\t<\/div>\n\t\t\t\t<\/div>\n\t\t\t\t<div class=\"elementor-element elementor-element-f1ae132 elementor-widget elementor-widget-text-editor\" data-id=\"f1ae132\" data-element_type=\"widget\" data-widget_type=\"text-editor.default\">\n\t\t\t\t<div class=\"elementor-widget-container\">\n\t\t\t\t\t\t\t\t\t<p><strong>Wir haben weiterhin f\u00fcr Sie ge\u00f6ffnet.<\/strong><\/p><p>Bitte beachten Sie unsere <strong>Hygienema\u00dfnahmen<\/strong> zu Ihrem und unseren Schutz: Bitte tragen Sie in der Praxis eine medizinische oder FFP2-Maske, achten Sie auf einen Mindestabstand von 1,5m und vermeiden Sie es, sich l\u00e4nger im Wartebereich aufzuhalten.<\/p>\t\t\t\t\t\t\t\t<\/div>\n\t\t\t\t<\/div>\n\t\t\t\t\t<\/div>\n\t\t<\/div>\n\t\t\t\t\t<\/div>\n\t\t<\/section>\n\t\t\t\t<div class=\"elementor-element elementor-element-32048ba elementor-widget elementor-widget-spacer\" data-id=\"32048ba\" data-element_type=\"widget\" data-widget_type=\"spacer.default\">\n\t\t\t\t<div class=\"elementor-widget-container\">\n\t\t\t\t\t\t\t<div class=\"elementor-spacer\">\n\t\t\t<div class=\"elementor-spacer-inner\"><\/div>\n\t\t<\/div>\n\t\t\t\t\t\t<\/div>\n\t\t\t\t<\/div>\n\t\t\t\t<div class=\"elementor-element elementor-element-a900de3 elementor-widget elementor-widget-text-editor\" data-id=\"a900de3\" data-element_type=\"widget\" data-widget_type=\"text-editor.default\">\n\t\t\t\t<div class=\"elementor-widget-container\">\n\t\t\t\t\t\t\t\t\t<p><strong>Praxis f\u00fcr Logop\u00e4die<\/strong><\/p><p>Schulstra\u00dfe 17<\/p><p>65824 Schwalbach am Taunus<\/p><p>Tel. <a href=\"http:\/\/Tel:+496196882460\">06196 &#8211; 882460<\/a><\/p><p>Fax 06196 &#8211; 882462<\/p><p>E-mail: logopaedie_schwalbach@t-online.de<\/p><p><span style=\"text-decoration: underline;\"><a href=\"http:\/\/leudes.de\/logopaedie-schwalbach\/kontakt\/\">So finden Sie uns&#8230;<\/a> <\/span><\/p>\t\t\t\t\t\t\t\t<\/div>\n\t\t\t\t<\/div>\n\t\t\t\t\t<\/div>\n\t\t<\/div>\n\t\t\t\t\t<\/div>\n\t\t<\/section>\n\t\t\t\t<section class=\"elementor-section elementor-top-section elementor-element elementor-element-7f5f3cd elementor-section-boxed elementor-section-height-default elementor-section-height-default\" data-id=\"7f5f3cd\" data-element_type=\"section\">\n\t\t\t\t\t\t<div class=\"elementor-container elementor-column-gap-default\">\n\t\t\t\t\t<div class=\"elementor-column elementor-col-100 elementor-top-column elementor-element elementor-element-082ab36\" data-id=\"082ab36\" data-element_type=\"column\">\n\t\t\t<div class=\"elementor-widget-wrap elementor-element-populated\">\n\t\t\t\t\t\t<div class=\"elementor-element elementor-element-e6dcaea elementor-widget elementor-widget-spacer\" data-id=\"e6dcaea\" data-element_type=\"widget\" data-widget_type=\"spacer.default\">\n\t\t\t\t<div class=\"elementor-widget-container\">\n\t\t\t\t\t\t\t<div class=\"elementor-spacer\">\n\t\t\t<div class=\"elementor-spacer-inner\"><\/div>\n\t\t<\/div>\n\t\t\t\t\t\t<\/div>\n\t\t\t\t<\/div>\n\t\t\t\t\t<\/div>\n\t\t<\/div>\n\t\t\t\t\t<\/div>\n\t\t<\/section>\n\t\t\t\t<\/div>\n\t\t","protected":false},"excerpt":{"rendered":"<p>Herzlich Willkommen in unserer Praxis f\u00fcr Logop\u00e4die in Schwalbach. Wir behandeln Patienten mit Stimm-, Sprech-, Sprach- und Schluckst\u00f6rungen. Die logop\u00e4dische Therapie findet in unserer Praxis statt (barrierefreier Zugang). Bei entsprechender Verordnung wird sie auch zuhause oder in p\u00e4dagogischen und pflegerischen Einrichtungen durchgef\u00fchrt. Termine sind von Montag bis Freitag von 8 &#8211; 18 Uhr und nach [&hellip;]<\/p>\n","protected":false},"author":1,"featured_media":0,"parent":0,"menu_order":0,"comment_status":"closed","ping_status":"closed","template":"","meta":{"footnotes":""},"class_list":["post-6","page","type-page","status-publish","hentry"],"_links":{"self":[{"href":"http:\/\/leudes.de\/logopaedie-schwalbach\/wp-json\/wp\/v2\/pages\/6","targetHints":{"allow":["GET"]}}],"collection":[{"href":"http:\/\/leudes.de\/logopaedie-schwalbach\/wp-json\/wp\/v2\/pages"}],"about":[{"href":"http:\/\/leudes.de\/logopaedie-schwalbach\/wp-json\/wp\/v2\/types\/page"}],"author":[{"embeddable":true,"href":"http:\/\/leudes.de\/logopaedie-schwalbach\/wp-json\/wp\/v2\/users\/1"}],"replies":[{"embeddable":true,"href":"http:\/\/leudes.de\/logopaedie-schwalbach\/wp-json\/wp\/v2\/comments?post=6"}],"version-history":[{"count":186,"href":"http:\/\/leudes.de\/logopaedie-schwalbach\/wp-json\/wp\/v2\/pages\/6\/revisions"}],"predecessor-version":[{"id":1994,"href":"http:\/\/leudes.de\/logopaedie-schwalbach\/wp-json\/wp\/v2\/pages\/6\/revisions\/1994"}],"wp:attachment":[{"href":"http:\/\/leudes.de\/logopaedie-schwalbach\/wp-json\/wp\/v2\/media?parent=6"}],"curies":[{"name":"wp","href":"https:\/\/api.w.org\/{rel}","templated":true}]}}